*2 - 59*r + 369. Determine y(50).
-81
Let u(z) = 2*z**3 + 426*z**2 - 868*z - 1786. Give u(-215).
-66
Let o(d) = 1073*d - 5474. What is o(6)?
964
Let o(h) = -1027*h + 4561. Determine o(5).
-574
Let p(g) = 23*g**2 - 33*g + 273. What is p(10)?
2243
Let g(s) = -8*s**3 - 312*s**2 - 308*s + 7. Calculate g(-38).
159
Let q(s) = 9*s**2 + 375*s - 5268. What is q(13)?
1128
Let s(n) = 8*n - 121. Give s(34).
151
Let x(n) = 6*n**2 + 259*n + 97. Calculate x(-4).
-843
Let u(x) = 15564*x - 1649766. Give u(106).
18
Let i(p) = 3*p**2 - 123*p - 4942. What is i(-25)?
8
Let x(l) = -38423*l + 79342. Determine x(2).
2496
Let v(m) = 407*m**2 - 2821*m - 198. Determine v(7).
-2
Let l(h) = -2237633*h - 20138697. Calculate l(-9).
0
Let u(i) = 63*i**2 + 323*i - 1485. Determine u(3).
51
Let p(f) = 6*f**2 + 610*f + 12639. Determine p(-29).
-5
Let r(v) = -9*v**2 - 16*v + 19. Determine r(6).
-401
Let h(w) = w**3 + w**2 - 829*w + 7. Determine h(0).
7
Let f(d) = 12*d**2 + 498*d + 3418. Calculate f(-7).
520
Let p(t) = -t**3 - 730*t**2 - 618*t + 80916. What is p(-729)?
-3
Let b(i) = 2*i**3 - 64*i**2 + 208*i - 11733. What is b(34)?
-37
Let v(w) = 5461763*w + 5461764. Determine v(-1).
1
Let k(l) = -2*l**3 + 277*l**2 - 131*l - 1005. What is k(138)?
-39
Let u(a) = 1120*a - 15288. Give u(10).
-4088
Let s(r) = 269*r - 21578. Determine s(80).
-58
Let s(f) = -2*f**3 + 10*f**2 - 10*f + 330. Calculate s(10).
-770
Let w(x) = 9*x**2 + 1436*x - 13649. Give w(9).
4
Let q(u) = -u**2 + 347*u + 51984. Give q(-113).
4
Let f(y) = 125*y**3 + 4*y**2 + 92*y + 265. Calculate f(-3).
-3350
Let r(k) = 23*k**2 - 58*k + 61. Give r(2).
37
Let i(p) = -1462*p - 121438. Determine i(-83).
-92
Let v(a) = a**3 - 11*a**2 + 30*a - 177. What is v(8)?
-129
Let n(x) = -x**3 - 58*x**2 - 79*x - 1234. Calculate n(-57).
20
Let u(c) = -727*c + 72680. Give u(100).
-20
Let w(t) = 943*t**2 - 248013*t + 1038. What is w(263)?
-14
Let n(d) = 19*d**2 - 140*d - 946. Give n(-4).
-82
Let z(k) = 2113720*k - 4227437. Calculate z(2).
3
Let c(f) = f**3 + 28*f**2 + 35*f + 1860. Give c(-29).
4
Let a(z) = -351*z**2 + 135838*z - 676. Determine a(387).
-289
Let b(w) = w**3 + 233*w**2 + 1478*w - 23510. Give b(-226).
-6
Let v(o) = -o**3 + 117*o**2 - 334*o - 7. Calculate v(114).
905
Let k(u) = 2*u**2 + 1191*u - 44152. Calculate k(35).
-17
Let y(b) = -43902*b + 5487819. Give y(125).
69
Let x(m) = 3*m**2 + 149*m - 71. Determine x(-13).
-1501
Let c(z) = -3376*z + 128329. What is c(38)?
41
Let s(u) = -1972*u + 39807. What is s(20)?
367
Let a(m) = 32953*m - 15. Give a(0).
-15
Let z(n) = -n**3 + 26*n**2 + 56*n + 504. Calculate z(28).
504
Let l(n) = -8*n**2 - 1141*n - 33341. Determine l(-41).
-8
Let i(u) = -93*u**2 - 1311*u + 4588. Determine i(-17).
-2
Let v(f) = -187*f - 7027. What is v(-33)?
-856
Let b(r) = -r**2 - 49*r + 3069. Determine b(-77).
913
Let i(p) = -2217*p - 323683. Determine i(-146).
-1
Let s(j) = -9*j**3 + 199*j**2 + 740*j - 17256. Determine s(22).
-492
Let g(f) = -125320*f + 5138127. What is g(41)?
7
Let q(h) = -31*h**2 - 176*h + 1223. Calculate q(4).
23
Let g(n) = -493*n**2 + 1901*n + 22. Determine g(4).
-262
Let q(b) = -23*b**3 + 4952*b**2 + 30537*b - 13. Calculate q(-6).
5
Let v(x) = 2*x**2 + 43*x + 343. Determine v(-14).
133
Let k(l) = -4*l**3 + 182*l**2 - 263*l + 238. Determine k(44).
282
Let k(m) = 362*m - 8684. Calculate k(25).
366
Let v(g) = 922*g + 1289. What is v(-5)?
-3321
Let n(o) = -15*o**3 + 2066*o**2 + 548*o + 214. Give n(138).
-338
Let d(w) = 6471*w**3 - 51769*w**2 - 16*w + 201. What is d(8)?
9
Let r(t) = -40*t**2 + 6784*t + 1558. Give r(170).
-1162
Let h(b) = -3*b**2 + 239550*b + 1197833. Calculate h(-5).
8
Let m(l) = -l**3 + 179*l**2 - 7993*l + 321. Determine m(94).
39
Let c(p) = 8*p**3 + 52*p**2 - 39*p + 4. Calculate c(-7).
81
Let x(b) = 45*b + 5395. Determine x(-117).
130
Let d(q) = 2*q**3 + 30*q**2 - 193*q + 32. Give d(-20).
-108
Let z(y) = -2381*y + 192470. Determine z(81).
-391
Let g(c) = c**3 + 67*c**2 - 10*c - 993. Determine g(0).
-993
Let p(h) = 514*h + 5327. Give p(-11).
-327
Let h(n) = -106573*n + 9591568. What is h(90)?
-2
Let t(s) = 142886*s - 2000406. Calculate t(14).
-2
Let t(o) = 158*o**2 + 957*o + 1288. What is t(-4)?
-12
Let n(a) = -365*a + 32443. Calculate n(83).
2148
Let w(k) = -20850*k - 62553. Determine w(-3).
-3
Let g(q) = -5*q**3 + 214*q**2 + 96*q - 1965. Determine g(43).
314
Let p(c) = 2819*c + 603255. Calculate p(-214).
-11
Let b(m) = -2585*m + 12974. Calculate b(5).
49
Let h(d) = -d**3 - 117*d**2 + 3886*d - 278. What is h(-144)?
10
Let m(r) = r**2 + 256498*r + 1795448. Determine m(-7).
11
Let s(c) = 29*c**3 + 5*c**2 - 36*c - 105. What is s(-4)?
-1737
Let y(n) = 1641*n**2 - 16*n + 14. Give y(1).
1639
Let r(h) = 267*h + 21545. Give r(-85).
-1150
Let v(p) = p**2 + 199*p - 159588. Give v(-511).
-156
Let g(f) = 56*f - 457. Determine g(11).
159
Let z(s) = -1206*s - 98854. Determine z(-82).
38
Let l(q) = -15877*q - 635084. Calculate l(-40).
-4
Let p(q) = 2*q**3 - 248*q**2 - 1285*q - 799. Give p(129).
-154
Let a(v) = 15533*v + 12426397. What is a(-800)?
-3
Let z(c) = -c**3 + 66*c**2 - 348*c + 108. Calculate z(61).
-2515
Let x(y) = 4*y**3 - 298*y**2 + 141*y - 410. What is x(74)?
-928
Let n(f) = -4*f**2 - 11912*f - 95215. Calculate n(-8).
-175
Let n(y) = -3546*y - 180850. Determine n(-51).
-4
Let p(v) = 33*v**2 - 321*v + 89. What is p(15)?
2699
Let u(f) = 27*f**2 - 10603*f - 346008. What is u(423)?
6
Let p(h) = 7*h**3 + 51*h**2 - 1653*h + 403. What is p(12)?
7
Let p(y) = 1347011*y + 8082068. What is p(-6)?
2
Let y(u) = -5129*u + 30371. Calculate y(6).
-403
Let k(n) = 887*n - 17994. Determine k(21).
633
Let f(q) = -88*q**3 + 33706*q**2 - 770*q + 1535. What is f(383)?
3
Let i(q) = 24156*q + 1956608. Give i(-81).
-28
Let l(n) = -4*n**2 - n + 214. Determine l(16).
-826
Let j(q) = -2*q**3 - 72*q**2 + 616*q + 8450. Determine j(-41).
4
Let y(p) = 143*p**2 + 2011*p - 9. Calculate y(-14).
-135
Let f(j) = j**3 + 568*j**2 - 36993*j - 27. Calculate f(-627).
-27
Let w(n) = -1197*n + 22517. Determine w(19).
-226
Let a(n) = 21911*n + 219148. Calculate a(-10).
38
Let p(r) = 2968*r - 3499273. Determine p(1179).
-1
Let s(g) = -121986*g - 975894. Give s(-8).
-6
Let x(f) = -2*f**3 + 55*f**2 + 1040*f - 28812. Give x(27).
-3
Let n(k) = 3*k**2 - 334*k + 1114. Give n(4).
-174
Let r(c) = -c**2 - 168*c - 1097. Calculate r(-167).
-930
Let s(i) = 6*i**2 + 330*i + 1032. What is s(-50)?
-468
Let h(p) = -377*p**2 - 1148*p - 98. What is h(-3)?
-47
Let k(x) = 449*x**3 + 260*x**2 + 266*x + 2. Calculate k(-1).
-453
Let i(u) = 2247*u**2 - 4491*u - 5. What is i(2)?
1
Let h(m) = -m**3 + 28*m**2 - 141*m - 362. Determine h(20).
18
Let t(w) = 3*w**2 - 215*w + 53. What is t(73)?
345
Let q(h) = 814*h - 153050. Give q(188).
-18
Let n(r) = -7*r**2 - 3963*r - 32641. Calculate n(-558).
-835
Let f(j) = -17887*j - 500819. Calculate f(-28).
17
Let i(l) = -3026*l - 57774. Give i(-19).
-280
Let o(v) = v**3 + 63*v**2 + 146*v + 2163. What is o(-61)?
699
Let w(g) = -813*g - 4861. Determine w(-2).
-3235
Let m(p) = 10*p**3 - 69*p**2 + 8381*p - 58728. Calculate m(7).
-12
Let u(g) = -g**2 + 57*g - 564. What is u(12)?
-24
Let x(z) = -2*z**2 + 21*z + 296. Give x(-26).
-1602
Let s(y) = y**3 + 461*y**2 - 3278*y + 28. What is s(7)?
14
Let u(z) = 9557*z + 3115584. Determine u(-326).
2
Let t(a) = 25*a**2 - 398*a + 83. What is t(16)?
115
Let h(b) = 2*b**2 + 182*b + 3963. Give h(-54).
-33
Let d(s) = -1927635*s - 9638155. Determine d(-5).
20
Let l(v) = -v**3 + 49*v**2 - 206*v - 706. Determine l(44).
-90
Let b(k) = -40*k - 3324. What is b(-73)?
-404
Let h(u) = 37718*u**2 + 339459*u - 33. Determine h(-9).
-6
Let v(g) = -g**3 - 330*g**2 + 493*g - 56791. What is v(-332)?
-19
Let o(q) = -q**2 + 11*q + 63. Determine o(11).
63
Let o(m) = -m**3 + 13*m**2 + 99*m - 1218. Determine o(9).
-3
Let c(b) = -319*b + 82843. Give c(264).
-1373
Let h(j) = 7*j**3 - j**2 + 613*j - 2527. Give h(4).
357
Let j(h) = 1138*h**2 + 63727*h - 58. Determine j(-56).
-2
Let k(m) = 493*m**3 - 38*m**2 - 4*m - 8. What is k(-1)?
-535
Let f(v) = -254*v + 5394. Determine f(20).
314
Let j(p) = 2273*p - 161668. Determine j(71).
-285
Let x(m) = 145*m**3 - 15374*m**2 + 436*m - 1267. What is x(106)?
5
Let w(h) = -7003*h - 91049. What is w(-13)?
-10
Let w(v) = -v**3 - 46*v**2 - 311*v + 15. Calculate w(-7).
281
